st common divisor of 45 and w?
45
Let p = -53 + 29. Let x be -2*(-4)/(p/(-39)). What is the greatest common factor of x and 143?
13
Suppose -325 = -5*c - 0*c. Let a = -35 + c. Calculate the greatest common divisor of 6 and a.
6
Let m = -34 - -35. Suppose -2*f - 3*f + 20 = 0. What is the greatest common divisor of f and m?
1
Let n = -4 + 18. Suppose -w - 278 = -5*w - o, -146 = -2*w + 3*o. Calculate the highest common factor of n and w.
14
Let z be -3 + (2/6 - (-505)/15). Calculate the greatest common divisor of 341 and z.
31
Let a(j) = 3*j - 15. Let k be a(10). What is the highest common factor of 3 and k?
3
Let l be 0/((-2)/1) - -13. Let x be 5/2*(-936)/(-60). What is the greatest common factor of x and l?
13
Let i(s) = s**2 - 6*s - 6. Let l be i(8). Calculate the highest common divisor of l and 10.
10
Let n = -8 + 14. Let l be 447/n - 3/(-6). What is the highest common factor of l and 50?
25
Let t = 124 + 32. Suppose 0 = 2*s - 0*s - t. Calculate the highest common divisor of s and 52.
26
Let f be -4 + 4 + 1*3. Suppose f*r = -2*r + j + 107, -3 = -j. What is the highest common factor of r and 242?
22
Let u be 10/4*12/15. Suppose -8 = u*i, 0 = -4*s - 5*i + 4. What is the highest common factor of s and 66?
6
Let w(x) = x**2 + 10*x + 5. Let a be w(-7). Let l be (a/(-6))/((-8)/(-48)). Calculate the greatest common divisor of 32 and l.
16
Let y be ((-92)/10)/(1/(-35)). Calculate the highest common factor of y and 14.
14
Suppose 5*x = -2*q + 8, -7*x = -4*x - 4*q - 10. Let f = 22 - 4. What is the highest common factor of x and f?
2
Let s be (-8)/(-2)*51/6. Suppose -2*u = -o - 2 - s, 0 = 2*u - 2*o - 40. Let w be (0 - 24/7)*-7. Calculate the highest common divisor of u and w.
8
Let j(k) = 14*k - 24. Let h be j(4). What is the greatest common divisor of 12 and h?
4
Let m = 1 - 15. Let y be (-120)/35*m/2. What is the highest common factor of y and 8?
8
Suppose -2*n + 92 = n - 4*f, -5*f - 66 = -2*n. What is the highest common divisor of n and 14?
14
Let a = 5 - -2. Suppose 0 = 3*n - 4*y - 59, -n - 5*y = -y + a. What is the greatest common factor of n and 13?
13
Let w(s) = 11*s - 7. Let c be w(4). Let n = c + -13. Calculate the highest common factor of n and 16.
8
Let q = -51 + 29. Let y = q - -87. Calculate the highest common factor of 13 and y.
13
Let t(f) = 0 + 86*f**3 + 2 - 85*f**3 + f - 3*f**2 - 5*f. Let i be t(4). Calculate the highest common factor of i and 6.
2
Let j = 25 + -3. Suppose -l + 2*h = 0, 0 = -3*l + 2*l + h + 1. What is the highest common factor of l and j?
2
Suppose 4*o - 2*d - 10 = 0, -2*d + 2 = 2*o - 0. Let t be (24/15)/(2/10). Calculate the highest common factor of t and o.
2
Let p = -52 + 59. What is the highest common factor of 56 and p?
7
Let q(n) = n**2 + 3*n - 2. Let o be q(-4). Let i = o - 5. Let x be 35*(i + 51/15). What is the highest common factor of 56 and x?
14
Suppose 0*t - 20 = -2*t - 4*v, v - 5 = -5*t. Suppose t = 3*j - 170 - 70. What is the highest common divisor of 10 and j?
10
Let l = 134 + -83. Let m = -13 + 18. Suppose m*w + 2*g = 23 + 70, -2*w + 22 = -3*g. What is the greatest common factor of w and l?
17
Let p be (2/5)/(1/5). Let a(t) = -2*t**2 + 9*t - 16. Let g be a(3). Let c be 79/7 + p/g. Calculate the greatest common divisor of 11 and c.
11
Let i(o) = o**2 + 467. Let w be i(0). Suppose -2*m = 71 - w. Calculate the highest common divisor of 18 and m.
18
Suppose 90 = -31*t + 34*t. Suppose -t = -n - 5*u, -4*n + 3*n = -2*u - 16. Let h be -1 - -61 - (1 - 1). What is the highest common divisor of h and n?
20
Suppose 3*q - 3*h - 7 = -2*h, -4*q - 5*h + 3 = 0. Let n be q/(-5) - (-416)/65. What is the highest common factor of n and 6?
6
Let n be (-3 - -1 - 0) + 11. Suppose 0 = -b - 3 + n. What is the highest common divisor of b and 6?
6
Let j(r) be the first derivative of -7*r**2/2 - r + 4. Let p be j(-2). Suppose 2*h = -6 - 4, 2*q - 3*h - 249 = 0. What is the greatest common factor of q and p?
13
Suppose 0 = 2*t - 6*t. Suppose t*h = 2*h - 4*r - 18, 5*h - 5*r - 50 = 0. Let g be (-2)/5*(-5)/2. Calculate the highest common factor of h and g.
1
Suppose 0 = -3*g + 7 + 83. What is the highest common factor of g and 75?
15
Suppose 65 = 4*q - 39. Calculate the highest common factor of 130 and q.
26
Suppose -3*t = -31 + 10. Suppose t = -3*r + 22. Calculate the greatest common factor of 40 and r.
5
Let z(h) = -9*h + 3. Suppose 3*g + 23 = 8. Let q be z(g). Calculate the greatest common factor of 6 and q.
6
Suppose -17*u + 0*u + 2754 = 0. What is the highest common divisor of u and 27?
27
Suppose -5*q + 156 + 284 = 0. What is the greatest common divisor of 8 and q?
8
Suppose c + 2*n = 12, 5*n = -c + 2*c + 16. Suppose 20 = -c*s + 3*q + 119, s - 21 = 2*q. Calculate the greatest common factor of s and 27.
27
Let r be 20*-6*(-6)/8. Calculate the highest common factor of r and 36.
18
Let d = -17 + 28. Suppose 76 = 3*b - 5*i, 5*i - 3 = 4*b - 101. What is the greatest common divisor of d and b?
11
Let r(l) = 5*l**2 + 11*l + 8. Let j be r(-8). Calculate the greatest common divisor of j and 30.
30
Let t(q) = 3*q - 3. Let m be t(7). Calculate the greatest common divisor of m and 36.
18
Let r(c) = 2*c + 1. Let z be r(3). Calculate the highest common factor of z and 35.
7
Let f = 2 + 5. Suppose 3*c = 2*r + 4, -5*r = -3*r - 2. Suppose -c*x - x + 105 = 0. Calculate the greatest common factor of f and x.
7
Let g be 10 + (-1 - 1 - 0). What is the greatest common divisor of 40 and g?
8
Let a(j) = -3*j - 16. Let u be a(-12). What is the greatest common factor of u and 5?
5
Suppose 5*a + 89 = 4*m, -2*a - 2*a - 4 = m. Suppose 0*o - 2*o = -16. Calculate the greatest common factor of m and o.
8
Suppose 0*i - 2 = -r - i, -4*r - 5*i = -8. Calculate the highest common factor of r and 4.
2
Suppose -j - j + 20 = 0. Suppose l = -0*l + 6. Suppose 5*m - 45 = -5*r, 2*r = l*r + 5*m - 35. Calculate the greatest common factor of j and r.
10
Let l(z) = -3*z**2 - 9*z + 3*z**2 + 9 + 3*z**2. Let r be l(6). What is the greatest common divisor of r and 7?
7
Suppose l = -3*z + 6*l + 47, -4*z + 4*l = -60. Suppose 0 = -2*g + 28 + 28. What is the highest common divisor of z and g?
14
Let w(j) = -j**3 - j**2. Let i be w(-1). Let g = i - -3. Calculate the greatest common factor of 12 and g.
3
Let n = -17 + 31. Let q = n - 6. What is the highest common divisor of q and 2?
2
Let f be (11/(-2))/(2/(-4)). Let b = -17 + 28. Calculate the highest common factor of f and b.
11
Suppose -x - x + 44 = 0. What is the greatest common divisor of 154 and x?
22
Suppose 2*k + 4*c - 36 = 0, -4*k - c = c - 54. Let z(u) = u**3 - 7*u**2 + u - 10. Let p be z(7). Let m = p + 9. Calculate the highest common divisor of k and m.
6
Let f be -1 - (-27 - -1 - -1). Let s = -2 - -2. Suppose o - 36 = -s*t - 3*t, -2*t = -4*o - 24. Calculate the greatest common factor of f and t.
12
Let f(q) = 1 + q**2 + 8*q + 0*q + q**2. Let r be f(-6). What is the greatest common factor of 10 and r?
5
Suppose -5*v - t - 72 = -327, -5*v = -5*t - 285. Suppose 5*m - m - v = 0. Suppose 4*f - 4 - 48 = 0. What is the greatest common divisor of f and m?
13
Suppose 4*h = 17 - 1. Suppose 5*y - 145 = -3*p - 33, -151 = -h*p - 5*y. Let m be (-4)/((-28)/13 - -2). Calculate the greatest common divisor of p and m.
13
Let f(z) = -z**3 - z**2 + 5*z + 2. Let a be f(-3). Suppose -4*p - 48 = -a*p. What is the highest common divisor of 16 and p?
16
Let i be (-1)/(-3) + 1581/9. Calculate the greatest common factor of 22 and i.
22
Suppose -2 = -i + 2*d - 11, 5*i = 3*d - 17. Let j be i/(-2) + (-6)/(-4). Let h = -327 + 341. Calculate the greatest common factor of h and j.
2
Let g be 3 + -1*(-1 - -3). What is the highest common factor of 9 and g?
1
Suppose -y + 0 + 3 = 0. Suppose -4*f + 3 = -4*p + 19, -4*f - 2 = y*p. Let r be (4/(-10))/(f/20). What is the highest common factor of 10 and r?
2
Suppose 2*g = -g + r + 413, -393 = -3*g - 3*r. Suppose -m + 0*m = -g. What is the highest common factor of 17 and m?
17
Let z be ((5 - 0) + -2)*12. Calculate the greatest common divisor of z and 18.
18
Suppose 41 = 7*u - 64. What is the highest common factor of 195 and u?
15
Let k be (10/(-3))/((-24)/36). Let u be 1 + -2 + 4 - 2. Suppose -x = -0 - u. Calculate the greatest common factor of x and k.
1
Suppose -3*m + 55 = 5*c, -c + 6*c = 5*m + 95. Suppose -3*